{"id":10157,"date":"2026-01-20T21:31:38","date_gmt":"2026-01-20T20:31:38","guid":{"rendered":"https:\/\/merseblattfm.de\/?page_id=10157"},"modified":"2026-01-20T21:31:38","modified_gmt":"2026-01-20T20:31:38","slug":"nutzungsbedingungen","status":"publish","type":"page","link":"https:\/\/merseblattfm.de\/nutzungsbedingungen\/","title":{"rendered":"Nutzungsbedingungen"},"content":{"rendered":"<p><strong>1. Geltungsbereich1.1<\/strong><\/p>\n<p>Diese Nutzungsbedingungen regeln die Nutzung der Webseite MerseblattFM.de (im Folgenden \u201eWebseite\u201c genannt) sowie s\u00e4mtliche damit verbundenen Dienstleistungen.<\/p>\n<p>1.2 Durch die Nutzung der Webseite erkl\u00e4rt der Nutzer sein Einverst\u00e4ndnis mit diesen Nutzungsbedingungen.<\/p>\n<p><strong>2. Registrierung<\/strong><\/p>\n<p>2.1 Um bestimmte Funktionen der Webseite nutzen zu k\u00f6nnen, ist eine Registrierung erforderlich.<\/p>\n<p>2.2 Der Nutzer ist nicht verpflichtet, bei der Registrierung vollst\u00e4ndige und korrekte Informationen anzugeben und diese aktualisiert zu halten. Alle Angaben sind freiwillig.<\/p>\n<p>2.3 Der Nutzer ist allein f\u00fcr die Sicherheit seines Kontos verantwortlich und haftet f\u00fcr jegliche Aktivit\u00e4ten, die unter Verwendung seines Kontos durchgef\u00fchrt werden.<\/p>\n<p><strong>3. Rechte und Pflichten des Nutzers<\/strong><\/p>\n<p>3.1 Der Nutzer verpflichtet sich, die Webseite und ihre Inhalte sowie die Rechte anderer Nutzer zu respektieren.<\/p>\n<p>3.2 Der Nutzer darf die Webseite nicht f\u00fcr rechtswidrige oder kommerzielle Zwecke nutzen.<\/p>\n<p>3.3 Der Nutzer darf keine Inhalte ver\u00f6ffentlichen oder hochladen, die rechtswidrig, diffamierend, bel\u00e4stigend, pornografisch, obsz\u00f6n oder anderweitig anst\u00f6\u00dfig sind. Ferner d\u00fcrfen seine Kommentare und Bilder nicht gegen geltendes deutsches Recht versto\u00dfen.<\/p>\n<p><strong>4. Haftungsausschluss<\/strong><\/p>\n<p>4.1 Die Nutzung der Webseite erfolgt auf eigenes Risiko des Nutzers.<\/p>\n<p>4.2 Der Betreiber der Webseite \u00fcbernimmt keinerlei Gew\u00e4hrleistung f\u00fcr die Richtigkeit, Vollst\u00e4ndigkeit oder Aktualit\u00e4t der bereitgestellten Informationen.<\/p>\n<p>4.3 Der Betreiber haftet nicht f\u00fcr Sch\u00e4den, die durch die Nutzung der Webseite entstehen, es sei denn, diese sind auf grob fahrl\u00e4ssiges oder vors\u00e4tzliches Verhalten des Betreibers zur\u00fcckzuf\u00fchren.<\/p>\n<p><strong>5. \u00c4nderung der Nutzungsbedingungen<\/strong><\/p>\n<p>5.1 Der Betreiber beh\u00e4lt sich das Recht vor, diese Nutzungsbedingungen jederzeit zu \u00e4ndern oder zu erg\u00e4nzen.<\/p>\n<p>5.2 \u00c4nderungen der Nutzungsbedingungen werden dem Nutzer nicht pers\u00f6nlich oder schriftlich mitgeteilt. Es erfolgt ein Hinweis auf der Webseite.<\/p>\n<p>5.3 Der Nutzer hat das Recht, den ge\u00e4nderten Nutzungsbedingungen binnen einer angemessenen Frist zu widersprechen. Im Falle eines Widerspruchs endet das Nutzungsverh\u00e4ltnis mit sofortiger Wirkung.<\/p>\n<p><strong>6. Schlussbestimmungen<\/strong><\/p>\n<p>6.1 Es gilt das Recht der Bundesrepublik Deutschland.<\/p>\n<p>6.2 Gerichtsstand f\u00fcr alle Streitigkeiten im Zusammenhang mit diesen Nutzungsbedingungen ist Merseburg.<\/p>\n<p>6.3 Sollten einzelne Bestimmungen dieser Nutzungsbedingungen unwirksam oder undurchf\u00fchrbar sein oder werden, so ber\u00fchrt dies nicht die Wirksamkeit der \u00fcbrigen Bestimmungen.<\/p>\n<p>6.4 Diese Nutzungsbedingungen stellen die gesamte Vereinbarung zwischen dem Nutzer und dem Betreiber der Webseite dar und ersetzen alle vorherigen Vereinbarungen.<\/p>\n<p>Unserer Nutzungsbedingungen wurde zuletzt am 20.01.2026 aktualisiert.<\/p>\n","protected":false},"excerpt":{"rendered":"<p>1. Geltungsbereich1.1 Diese Nutzungsbedingungen regeln die Nutzung der Webseite MerseblattFM.de (im Folgenden \u201eWebseite\u201c genannt) sowie s\u00e4mtliche damit verbundenen Dienstleistungen. 1.2 Durch die Nutzung der Webseite erkl\u00e4rt der Nutzer sein Einverst\u00e4ndnis mit diesen Nutzungsbedingungen. 2. Registrierung 2.1 Um bestimmte Funktionen der Webseite nutzen zu k\u00f6nnen, ist eine Registrierung erforderlich. 2.2 Der ...<\/p>\n","protected":false},"author":1,"featured_media":0,"parent":0,"menu_order":0,"comment_status":"closed","ping_status":"closed","template":"","meta":{"footnotes":""},"class_list":["post-10157","page","type-page","status-publish","hentry"],"_links":{"self":[{"href":"https:\/\/merseblattfm.de\/wp-json\/wp\/v2\/pages\/10157","targetHints":{"allow":["GET"]}}],"collection":[{"href":"https:\/\/merseblattfm.de\/wp-json\/wp\/v2\/pages"}],"about":[{"href":"https:\/\/merseblattfm.de\/wp-json\/wp\/v2\/types\/page"}],"author":[{"embeddable":true,"href":"https:\/\/merseblattfm.de\/wp-json\/wp\/v2\/users\/1"}],"replies":[{"embeddable":true,"href":"https:\/\/merseblattfm.de\/wp-json\/wp\/v2\/comments?post=10157"}],"version-history":[{"count":1,"href":"https:\/\/merseblattfm.de\/wp-json\/wp\/v2\/pages\/10157\/revisions"}],"predecessor-version":[{"id":10158,"href":"https:\/\/merseblattfm.de\/wp-json\/wp\/v2\/pages\/10157\/revisions\/10158"}],"wp:attachment":[{"href":"https:\/\/merseblattfm.de\/wp-json\/wp\/v2\/media?parent=10157"}],"curies":[{"name":"wp","href":"https:\/\/api.w.org\/{rel}","templated":true}]}}